418 is divided by 203.
12
What is the remainder when 660 is divided by 39?
36
What is the remainder when 35 is divided by 12?
11
What is the remainder when 117 is divided by 112?
5
Calculate the remainder when 398 is divided by 96.
14
Calculate the remainder when 1401 is divided by 39.
36
Calculate the remainder when 270 is divided by 23.
17
What is the remainder when 1153 is divided by 12?
1
Calculate the remainder when 395 is divided by 11.
10
What is the remainder when 4301 is divided by 9?
8
Calculate the remainder when 605 is divided by 85.
10
What is the remainder when 2956 is divided by 58?
56
Calculate the remainder when 37 is divided by 8.
5
Calculate the remainder when 29 is divided by 4.
1
What is the remainder when 125 is divided by 28?
13
What is the remainder when 167 is divided by 13?
11
Calculate the remainder when 494 is divided by 112.
46
What is the remainder when 2049 is divided by 76?
73
What is the remainder when 175 is divided by 30?
25
Calculate the remainder when 167 is divided by 37.
19
Calculate the remainder when 416 is divided by 17.
8
What is the remainder when 1116 is divided by 66?
60
What is the remainder when 164 is divided by 47?
23
What is the remainder when 122 is divided by 30?
2
What is the remainder when 234 is divided by 24?
18
What is the remainder when 2375 is divided by 592?
7
What is the remainder when 95 is divided by 36?
23
Calculate the remainder when 163 is divided by 11.
9
Calculate the remainder when 1954 is divided by 17.
16
What is the remainder when 392 is divided by 123?
23
Calculate the remainder when 151 is divided by 4.
3
Calculate the remainder when 289 is divided by 101.
87
What is the remainder when 442 is divided by 433?
9
Calculate the remainder when 3620 is divided by 98.
92
What is the remainder when 575 is divided by 29?
24
Calculate the remainder when 2302 is divided by 47.
46
What is the remainder when 3400 is divided by 383?
336
What is the remainder when 90 is divided by 12?
6
What is the remainder when 9536 is divided by 19?
17
What is the remainder when 444 is divided by 442?
2
Calculate the remainder when 771 is divided by 31.
27
Calculate the remainder when 8200 is divided by 342.
334
Calculate the remainder when 701 is divided by 8.
5
Calculate the remainder when 4934 is divided by 1642.
8
Calculate the remainder when 160 is divided by 52.
4
Calculate the remainder when 898 is divided by 76.
62
What is the remainder when 6 is divided by 6?
0
Calculate the remainder when 400 is divided by 376.
24
Calculate the remainder when 42 is divided by 30.
12
What is the remainder when 592 is divided by 191?
19
What is the remainder when 4645 is divided by 926?
15
What is the remainder when 217 is divided by 20?
17
Calculate the remainder when 471 is divided by 178.
115
Calculate the remainder when 2662 is divided by 52.
10
Calculate the remainder when 420 is divided by 85.
80
What is the remainder when 232 is divided by 39?
37
What is the remainder when 115 is divided by 56?
3
What is the remainder when 54 is divided by 19?
16
Calculate the remainder when 1295 is divided by 36.
35
What is the remainder when 204 is divided by 8?
4
Calculate the remainder when 1605 is divided by 24.
21
Calculate the remainder when 1614 is divided by 400.
14
Calculate the remainder when 133 is divided by 75.
58
Calculate the remainder when 348 is divided by 39.
36
What is the remainder when 1040 is divided by 29?
25
Calculate the remainder when 3783 is divided by 172.
171
Calculate the remainder when 111 is divided by 70.
41
Calculate the remainder when 162 is divided by 17.
9
What is the remainder when 823 is divided by 92?
87
Calculate the remainder when 1497 is divided by 6.
3
What is the remainder when 4199 is divided by 22?
19
What is the remainder when 95 is divided by 18?
5
What is the remainder when 403 is divided by 126?
25
What is the remainder when 89 is divided by 23?
20
Calculate the remainder when 394 is divided by 69.
49
Calculate the remainder when 195 is divided by 20.
15
Calculate the remainder when 140 is divided by 48.
44
Calculate the remainder when 35 is divided by 12.
11
Calculate the remainder when 191 is divided by 64.
63
Calculate the remainder when 100 is divided by 28.
16
Calculate the remainder when 1338 is divided by 149.
146
What is the remainder when 125 is divided by 6?
5
What is the remainder when 298 is divided by 10?
8
Calculate the remainder when 308 is divided by 20.
8
Calculate the remainder when 1515 is divided by 15.
0
Calculate the remainder when 69 is divided by 37.
32
Calculate the remainder when 501 is divided by 11.
6
What is the remainder when 3884 is divided by 108?
104
Calculate the remainder when 57 is divided by 20.
17
Calculate the remainder when 1309 is divided by 274.
213
Calculate the remainder when 28879 is divided by 16.
15
What is the remainder when 712 is divided by 89?
0
What is the remainder when 115 is divided by 113?
2
What is the remainder when 87 is divided by 15?
12
What is the remainder when 405 is divided by 53?
34
What is the remainder when 1311 is divided by 33?
24
What is the remainder when 718 is divided by 13?
3
Calculate the remainder when 126 is divided by 32.
30
What is the remainder when 303 is divided by 77?
72
Calculate the remainder when 1184 is divided by 11.
7
Calculate the remainder when 1092 is divided by 212.
32
Calculate the remainder when 7630 is divided by 3815.
0
What is the remainder when 323 is divided by 111?
101
Calculate the remainder when 4945 is divided by 51.
49
What is the remainder when 439 is divided by 34?
31
What is the remainder when 9788 is divided by 10?
8
Calculate the remainder when 271 is divided by 46.
41
Calculate the remainder when 151 is divided by 52.
47
Calculate the remainder when 483 is divided by 40.
3
What is the remainder when 273 is divided by 126?
21
What is the remainder when 10345 is divided by 940?
5
Calculate the remainder when 1447 is divided by 63.
61
What is the remainder when 73 is divided by 11?
7
What is the remainder when 989 is divided by 52?
1
What is the remainder when 252 is divided by 127?
125
Calculate the remainder when 132 is divided by 30.
12
Calculate the remainder when 86 is divided by 11.
9
Calculate the remainder when 1832 is divided by 14.
12
Calculate the remainder when 5749 is divided by 115.
114
Calculate the remainder when 367 is divided by 54.
43
What is the remainder when 131 is divided by 31?
7
Calculate the remainder when 1148 is divided by 21.
14
What is the remainder when 4650 is divided by 358?
354
Calculate the remainder when 45 is divided by 2.
1
What is the remainder when 634 is divided by 35?
4
What is the remainder when 1169 is divided by 30?
29
Calculate the remainder when 148 is divided by 53.
42
Calculate the remainder when 314 is divided by 104.
2
What is the remainder when 124 is divided by 39?
7
What is the remainder when 159 is divided by 18?
15
What is the remainder when 39 is divided by 36?
3
What is the remainder when 69 is divided by 5?
4
What is the remainder when 95 is divided by 29?
8
What is the remainder when 822 is divided by 19?
5
Calculate the remainder when 372 is divided by 127.
118
Calculate the remainder when 2490 is divided by 329.
187
Calculate the remainder when 536 is divided by 184.
168
Calculate the remainder when 24 is divided by 12.
0
Calculate the remainder when 253 is divided by 121.
11
Calculate the remainder when 3651 is divided by 39.
24
What is the remainder when 2606 is divided by 81?
14
Calculate the remainder when 652 is divided by 220.
212
Calculate the remainder when 1011 is divided by 501.
9
What is the remainder when 229 is divided by 33?
31
What is the remainder when 143 is divided by 30?
23
Calculate the remainder when 507 is divided by 34.
31
What is the remainder when 196 is divided by 56?
28
What is the remainder when 124 is divided by 42?
40
Calculate the remainder when 221 is divided by 45.
41
Calculate the remainder when 259 is divided by 216.
43
What is the remainder when 15 is divided by 2?
1
Calculate the remainder when 6520 is divided by 21.
10
Calculate the remainder when 5196 is divided by 200.
196
Calculate the remainder when 101 is divided by 46.
9
What is the remainder when 70